test common factor of 10 and x?
10
Let y be 4/22 - (-420)/110. Calculate the highest common factor of y and 16.
4
Suppose -50 = -5*q + 10. Suppose -2*n - 4*m = -3*n - 17, -3*m = -15. Calculate the highest common factor of q and n.
3
Suppose -5*i = -5, l - 4*i - 12 = -i. Calculate the highest common divisor of l and 135.
15
Let r = 1 - -23. Calculate the highest common divisor of 6 and r.
6
Let z be ((-192)/(-15))/((-6)/(-75)). Suppose -3*k - z = -d - k, 0 = 5*d - 4*k - 782. What is the highest common divisor of 14 and d?
14
Suppose -12 + 3 = -z. Suppose 0 = -2*g - 3*t + 12, -3*g = -5*t + 23 - 3. Let q be 21/(1/3 - g). What is the highest common factor of q and z?
9
Suppose 5*k + 9 = 8*k. Suppose 15 = k*a - 9. Calculate the highest common divisor of 24 and a.
8
Let y(v) = v**2 + 7*v - 10. Let l be y(8). What is the highest common factor of l and 22?
22
Let t = 131 - 3. What is the highest common factor of t and 64?
64
Let c be (-80)/(-14) - (-10)/35. Let j(w) = 5*w - 4*w - c*w. Let s be j(-7). Calculate the highest common factor of s and 7.
7
Let b be (0 - 1)*-2 - -2. Let y(f) = -f**3 + 6*f**2 + f - 8. Let v be y(6). Let a = v - -3. What is the greatest common divisor of b and a?
1
Let g be (3 - (1 + -131)) + -1. Suppose p - 5*q - 12 = 0, 5*p - 14 - 6 = 5*q. Suppose -v = -p*v + 12. What is the highest common factor of g and v?
12
Let c = 122 + -105. Let h(b) = 13*b + 7. Let r be h(6). Calculate the highest common divisor of c and r.
17
Let m = -1 - -4. Let b(o) = o**3 + 6*o**2 + o + 4. Let i be b(-6). Let d be (0 + -3)*i/m. Calculate the greatest common divisor of d and 10.
2
Let b(s) = s**2 + 7*s + 4. Let k = 1 - 9. Let a be b(k). Calculate the greatest common factor of 132 and a.
12
Let a = 52 - -25. What is the highest common factor of 7 and a?
7
Let k be 6*(1 + -2)*-14. Calculate the highest common divisor of 12 and k.
12
Let h(k) = -k**3 - k**2 + k + 4. Let x be h(0). Calculate the highest common factor of 2 and x.
2
Let r(d) = 5*d**2 + 2*d - 6. Let y be r(-7). Suppose -a = -6*a + y. Calculate the greatest common divisor of 18 and a.
9
Let d be (-1)/(-2) - 9/(-2). Suppose k + 25 = 3*s, -3*s = -4*s - d*k + 35. Let r be (-24)/9 - (-248)/3. What is the highest common factor of s and r?
10
Suppose 2*n = 5 + 35. What is the greatest common factor of n and 180?
20
Let d be (-1 + 0)/1 - -76. Calculate the highest common divisor of 50 and d.
25
Let x(h) = -h**2 - 11*h + 4. Let v be x(-11). What is the greatest common factor of v and 36?
4
Let j(b) = -6*b**2 - 17*b + 19. Let o(q) = -5*q**2 - 16*q + 18. Let t(c) = -6*j(c) + 7*o(c). Let k be t(9). What is the greatest common divisor of 27 and k?
3
Let s be -420 + 2 - (1 + 1). Let y be 24/(-10)*s/8. What is the highest common factor of 18 and y?
18
Suppose -l - 2*c = 6 - 24, 28 = 2*l + 2*c. Let v = 384 + -274. What is the greatest common factor of l and v?
10
Let o(d) = d**3 - 11*d**2 + 9*d + 13. Suppose -36 = -5*m + 14. Let u be o(m). Suppose 0 = -3*b + 53 - 8. Calculate the greatest common factor of u and b.
3
Let z be (-51)/(-5) + (2/5)/(-2). Calculate the highest common factor of 40 and z.
10
Let f(s) = -s + 4. Let v be f(-10). Let u(n) = 15*n - 1. Let x be u(1). What is the greatest common divisor of x and v?
14
Let b(f) = 2*f**2 - f. Let z be b(-1). Let i be 8*z*(-2 - -3). What is the greatest common factor of i and 3?
3
Let a = -1 - -3. Suppose 0 = 3*o, -58 = -r + a*o + 32. What is the greatest common divisor of 36 and r?
18
Let t(g) = -g**2 + 9. Let f be t(0). Calculate the greatest common factor of f and 6.
3
Let i(d) = -d**2 - 9*d - 10. Let t be i(-7). Let k = 0 - 0. Suppose -3*p + 33 = -t*q, 2*q + 3 + 3 = k. What is the highest common factor of p and 70?
7
Suppose -3*n = -5*r - 21, -5*n = -r - r + 3. Let l be r/(1*(-6)/105). Calculate the greatest common divisor of l and 15.
15
Let i = 112 - 46. Let q(w) = -w**3 - 18*w**2 - 30*w + 38. Let t be q(-16). Calculate the highest common divisor of t and i.
6
Let j be 154/8 - (-12)/16. Suppose 0 = i - 6*i + j. Suppose -2*t = -i*t + 16. What is the highest common factor of t and 2?
2
Suppose 0 = 4*y - 4*u - 28, 4*y + u + 0*u - 13 = 0. What is the highest common factor of y and 12?
4
Let u be 36/16*(-16)/3. Let q = u - -18. Calculate the greatest common divisor of q and 2.
2
Suppose -73 = -n - 17. What is the highest common factor of n and 168?
56
Let i(h) = -h**3 + 6*h**2 - 4*h + 7. Let g be (-2 + -1)/(-3) - -4. Let r be i(g). Calculate the greatest common factor of 4 and r.
4
Let c = -213 + 373. Calculate the highest common divisor of 20 and c.
20
Let d be ((-14)/(-4))/((-5)/(-30)). Calculate the greatest common divisor of 3 and d.
3
Let v(r) = 2*r**2 - 3*r - 2. Let n be v(-2). What is the highest common divisor of 12 and n?
12
Let q = 13 - -2. Let w(u) = u**3 - 2*u**2 - 5*u - 5. Let x be w(5). What is the highest common divisor of q and x?
15
Let p be 18/(-4)*(-6)/(-9). Let s be (-49)/p - 3/9. Calculate the highest common divisor of s and 40.
8
Let f(b) = -10*b**3 - b**2 - 3*b + 2. Let g be f(-2). What is the greatest common factor of g and 42?
42
Let o be 118/4 - 12/8. Let w = -16 + o. Calculate the highest common divisor of w and 72.
12
Suppose 4*a = -3*k + 51, 4*a = 2*a + 2*k + 22. What is the greatest common factor of a and 54?
6
Let j(b) be the third derivative of b**4/8 + 5*b**3/6 + 6*b**2. Let r be j(5). Calculate the greatest common divisor of r and 50.
10
Suppose o - y = 6, -3*o + y + 10 = -o. Suppose -o*f = -3*f - 2. Let a be f/(-9) + (-4465)/(-45). What is the greatest common factor of a and 9?
9
Let u = -3 - -41. Let a be 18 + -1 + (0 - -2). Calculate the highest common factor of a and u.
19
Let f be (1 + 131/(-3))*(-84)/56. Calculate the highest common factor of f and 16.
16
Suppose -4*l + 32 - 126 = -3*h, -l = -5*h + 134. Let i be (-262)/(-13) + (-4)/h. Calculate the greatest common divisor of 5 and i.
5
Let v(d) = -d**3 + 10*d**2 - 6*d - 12. Let h be v(9). Let u = 553 + -868. Let a be (u/12)/((-1)/4). What is the highest common factor of h and a?
15
Let q = -5 - 10. Let k be 2/(-6) - 110/q. Suppose -6*w = -w - 4*z - 393, 3*w = -2*z + 227. Calculate the greatest common factor of k and w.
7
Suppose -5*j + 94 = -56. Let y(a) = 5*a. Let r(q) = 2*q**2 - 2*q - 1. Let f be r(-1). Let l be y(f). What is the greatest common factor of l and j?
15
Suppose -12*l = -15*l + 30. Calculate the greatest common divisor of 5 and l.
5
Suppose p = -3, 0 = o + 3*p - 3 - 1. Let w(u) = -u**2 + 6*u + 4. Let s be w(3). Calculate the greatest common factor of s and o.
13
Let r = 13 + 0. Let x be 103 + 2 - (-1 + 2). What is the greatest common divisor of x and r?
13
Let a = 9 + -6. Suppose -o + a*u = -7 - 8, -4*u - 28 = -2*o. Calculate the greatest common divisor of o and 4.
4
Let c = 48 - 25. Calculate the highest common divisor of c and 207.
23
Suppose 2*o + 0*o - 24 = 0. Let c = -7 + o. What is the highest common divisor of c and 55?
5
Let c(f) = -7*f. Suppose -1 = -0*q - q. Suppose -q = -2*a - 4*i + 3, 4*i - 8 = 0. Let u be c(a). Calculate the greatest common factor of u and 154.
14
Let q(r) = -8*r - 60. Let u be q(-8). Suppose 4*w - 14 = -6. Calculate the highest common factor of w and u.
2
Let c be ((-110)/(-25))/2*(-3 - -8). What is the greatest common divisor of c and 11?
11
Suppose -6 + 11 = m. Suppose -2*d + 2 = m*u - 16, d + 6 = 5*u. What is the highest common divisor of u and 14?
2
Let j be -5 + (2 - -15) - 4. Calculate the greatest common factor of 8 and j.
8
Let q = -2 - -19. Suppose 4*i = 296 + 248. What is the greatest common factor of i and q?
17
Suppose 0 = 5*y - y - 44. Calculate the greatest common factor of 1 and y.
1
Let l = 13 + 2. Let v be (-3)/(-3)*(2 - -148). What is the highest common divisor of l and v?
15
Let n be 2/(-12*1) - 326/(-12). What is the highest common divisor of 54 and n?
27
Let s = -10 - -25. Let u = s + 3. What is the greatest common factor of 126 and u?
18
Let j(b) = 6*b**3 + b**2 + 3*b - 2. Suppose 2*g = -0*g + 4. Let y be j(g). Calculate the highest common factor of y and 7.
7
Let f be (-8 + 1)/(1/(-2)). Let p be 4*3/8*18. Let d = -13 + p. Calculate the highest common factor of d and f.
14
Let i = 351 + -251. What is the greatest common factor of 10 and i?
10
Suppose 4*k + 5*m = 392, k + m - 75 - 24 = 0. Suppo